b - 80. What is r(-10)?
-310
Let i(s) = -14*s + 5. Give i(-2).
33
Let n(o) = 46*o**2 - 269*o + 350. Calculate n(2).
-4
Let w(c) = -c**3 - 26*c**2 - 59*c - 79. Determine w(-24).
185
Let w(q) = -2*q**3 + 37*q**2 - 17*q + 107. Give w(19).
-577
Let d(m) = -m**3 - 21*m**2 - 18*m + 19. Calculate d(-20).
-21
Let b(w) = 129*w - 4756. What is b(37)?
17
Let q(l) = -17*l - 195. Calculate q(-20).
145
Let u(k) = 147*k**2 + 440*k + 5. What is u(-3)?
8
Let a(q) = -4*q**2 + 24*q + 94. Determine a(-5).
-126
Let b(n) = 2*n**3 - 38*n**2 + 228*n - 487. Calculate b(10).
-7
Let g(x) = 22*x + 2760. Calculate g(-126).
-12
Let d(y) = -y**3 + 4*y**2 + 26*y - 20. Calculate d(8).
-68
Let q(j) = -j**3 - 3*j**2 + 27*j + 44. Calculate q(-6).
-10
Let v(x) = -x**2 - 29*x + 256. Give v(8).
-40
Let q(t) = t**3 + 3*t**2 + 17*t + 26. Calculate q(-2).
-4
Let g(j) = -3*j**2 - 15*j - 17. Calculate g(-5).
-17
Let l(s) = 2*s**3 + 33*s**2 + 17*s - 29. Give l(-16).
-45
Let y(x) = -3*x + 118. Give y(45).
-17
Let g(q) = q**3 + 12*q**2 - 149*q - 1761. Determine g(-11).
-1
Let q(l) = -9*l - 766. Calculate q(-86).
8
Let h(d) = -27*d + 685. What is h(24)?
37
Let v(o) = o - 172. Determine v(-9).
-181
Let q(o) = -17*o**2 + 456*o - 444. What is q(1)?
-5
Let h(i) = 6*i**2 + 83*i - 3. Give h(-5).
-268
Let l(o) = -18*o**2 - 165*o - 11. Determine l(-9).
16
Let q(i) = -12*i - 78. Calculate q(-5).
-18
Let o(j) = 13*j - 551. Give o(41).
-18
Let q(v) = v**3 - 15*v**2 - 170*v + 3. Determine q(23).
325
Let r(d) = 82*d - 304. What is r(6)?
188
Let t(o) = 1359*o**2 - 43*o - 37. Calculate t(-1).
1365
Let v(t) = -t**3 - 2*t**2 - 6*t - 32. Give v(0).
-32
Let r(u) = 508*u - 4572. What is r(9)?
0
Let p(w) = -41*w**2 - 164*w - 4. Determine p(-4).
-4
Let b(z) = -607*z - 19446. Give b(-32).
-22
Let d(m) = 2*m**3 - 3*m - 318. What is d(0)?
-318
Let x(u) = u**3 + 11*u**2 + 19*u + 25. Calculate x(-8).
65
Let y(x) = -38*x**2 + 34*x - 63. Calculate y(2).
-147
Let d(r) = -692*r - 4790. What is d(-7)?
54
Let t(w) = 2*w**2 + 2*w - 459. Calculate t(19).
301
Let c(u) = -u**3 - 7*u**2 + 25*u - 40. Calculate c(-7).
-215
Let y(u) = -u**3 + 4*u**2 + 38*u - 18. Calculate y(9).
-81
Let w(o) = o**3 - 3*o**2 - 282*o - 1205. Determine w(-5).
5
Let j(q) = q**3 - 6*q**2 - 89*q - 19. Calculate j(13).
7
Let w(i) = 2*i**2 - 49*i + 293. What is w(15)?
8
Let z(d) = d**3 + 21*d**2 + 103*d + 21. Determine z(-8).
29
Let w(t) = -t**3 + 60*t**2 - 259*t - 145. What is w(5)?
-65
Let q(i) = -4*i + 134. What is q(4)?
118
Let n(x) = -15*x**2 + 1601*x - 1193. Determine n(106).
-27
Let g(j) = -2*j**2 + 85*j - 279. Determine g(36).
189
Let o(p) = -p**3 - 62*p**2 + 266*p + 157. Determine o(-66).
25
Let w(p) = 5*p**2 - 311*p - 968. Give w(-3).
10
Let l(q) = -4*q**3 + 6*q**2 - 11*q + 50. What is l(4)?
-154
Let j(y) = -3*y**2 - 52*y + 49. Give j(-18).
13
Let p(q) = 10*q**2 - 76*q + 45. Calculate p(7).
3
Let d(i) = 139*i**3 - 3*i**2 + 2*i - 1. Give d(1).
137
Let q(a) = -187*a + 811. Give q(7).
-498
Let r(d) = -3*d**2 - 600*d + 2428. Determine r(4).
-20
Let d(f) = 105*f + 1241. Calculate d(-15).
-334
Let l(v) = 680*v - 8153. Determine l(12).
7
Let v(y) = -y**3 + 30*y**2 - 167*y - 203. What is v(9)?
-5
Let a(w) = w**2 + 61*w - 714. Determine a(-71).
-4
Let v(y) = -2*y**2 + 140*y - 2218. Give v(24).
-10
Let f(x) = -1523*x**2 + 3051*x + 7. What is f(2)?
17
Let a(v) = 27618*v + 386653. What is a(-14)?
1
Let k(s) = s**2 - 25*s - 2562. Calculate k(-38).
-168
Let j(r) = -r**2 - 226*r - 1543. What is j(-7)?
-10
Let q(a) = -2*a**2 + 325*a + 1315. Determine q(-4).
-17
Let v(c) = -c**3 + 11*c**2 - 37*c + 7. Determine v(6).
-35
Let u(y) = 9*y**3 + y**2 - 93*y - 359. Give u(-4).
-547
Let b(o) = -o**2 - 19*o + 496. Calculate b(14).
34
Let o(a) = 70*a - 1274. Calculate o(16).
-154
Let j(s) = -406*s + 1215. Give j(3).
-3
Let n(v) = -v**2 + 48*v - 675. What is n(24)?
-99
Let j(h) = -h**2 + 36*h + 400. Give j(45).
-5
Let f(r) = -12*r**3 + 420*r**2 - 4*r + 126. What is f(35)?
-14
Let w(m) = 561*m + 67333. Determine w(-120).
13
Let w(u) = -11171*u + 189909. Determine w(17).
2
Let t(g) = 4*g**2 - 221*g + 79. Give t(54).
-191
Let t(y) = y**3 - 12*y**2 - 9*y + 29. Give t(13).
81
Let y(m) = -120*m - 4816. What is y(-40)?
-16
Let d(b) = 44*b + 7988. Determine d(-182).
-20
Let y(p) = -2*p**2 + 5*p - 15. What is y(5)?
-40
Let q(r) = -r**3 + 51*r**2 + 78*r + 4538. What is q(54)?
2
Let l(o) = -413*o + 432. Give l(1).
19
Let m(o) = -o**2 + 86*o - 922. Determine m(73).
27
Let s(p) = p**3 + 12*p**2 - 88*p - 846. Give s(-14).
-6
Let i(t) = -t**2 - 132*t - 2403. Calculate i(-22).
17
Let n(d) = d**2 + 107*d + 961. Determine n(-9).
79
Let i(k) = -k**2 - 6*k + 404. Give i(-23).
13
Let y(g) = g**2 - 44*g + 45. Determine y(44).
45
Let l(x) = -54*x**2 + 15*x + 1. Calculate l(1).
-38
Let o(t) = 178*t + 1444. Calculate o(-8).
20
Let p(x) = 542*x + 4889. Calculate p(-9).
11
Let w(v) = 876*v - 3523. Give w(4).
-19
Let l(p) = 2*p - 90. What is l(48)?
6
Let n(h) = 1089*h**2 + 2180*h. Determine n(-2).
-4
Let q(i) = i**3 - 7*i**2 - 6*i + 73. Calculate q(6).
1
Let q(o) = -o**3 - o**2 - 3*o. Give q(0).
0
Let q(p) = -4*p**2 - 1144*p + 1143. Determine q(1).
-5
Let t(u) = 2*u**2 + 6*u - 137. What is t(7)?
3
Let r(g) = g**2 + 22*g - 308. Determine r(-32).
12
Let o(a) = 7*a**2 + 113*a + 8. What is o(-16)?
-8
Let b(z) = 49*z + 1954. Determine b(-39).
43
Let y(p) = -7*p - 88. Determine y(7).
-137
Let p(u) = -3*u**2 - 25*u - 34. Determine p(-7).
-6
Let r(l) = -10*l - 6. What is r(-2)?
14
Let z(k) = -4*k**2 + 180*k + 362. Calculate z(-2).
-14
Let d(s) = -26*s**2 - 5*s + 11. What is d(2)?
-103
Let v(g) = -56*g**3 + g**2 - 5*g + 5. What is v(1)?
-55
Let p(g) = -23*g + 707. Determine p(31).
-6
Let o(p) = -p**2 + 66*p - 1104. Give o(34).
-16
Let w(g) = -g**3 - 37*g**2 + 245*g + 33. Determine w(6).
-45
Let h(j) = -j**3 - 17*j**2 - 60*j - 158. Calculate h(-12).
-158
Let q(w) = -w**2 - 78*w + 1252. Give q(13).
69
Let q(r) = -2*r**2 - 65*r - 313. What is q(-6)?
5
Let t(g) = -53*g - 460. Determine t(-8).
-36
Let s(c) = c**3 - 3*c**2 + 34*c - 136. Determine s(5).
84
Let y(k) = 10*k**2 + 33*k + 19. Give y(-4).
47
Let l(g) = -214*g + 2149. Give l(10).
9
Let g(b) = 84*b + 2607. Determine g(-31).
3
Let i(k) = -k**3 + 19*k**2 - 37*k + 65. Determine i(17).
14
Let z(o) = -5*o**2 + 540*o + 1082. Determine z(-2).
-18
Let f(p) = 108*p + 1039. Determine f(-10).
-41
Let d(l) = -2*l**3 + 7*l**2 + 9*l - 39. Give d(3).
-3
Let f(x) = -x + 4. Determine f(15).
-11
Let t(u) = u**3 - 9*u**2 + 27*u - 30. Determine t(4).
-2
Let l(h) = 23*h - 1193. Give l(52).
3
Let s(f) = 142*f + 852. Determine s(-6).
0
Let z(p) = -p**3 + 8*p**2 + 7*p - 40. Calculate z(4).
52
Let x(o) = o**3 - 13*o**2 + 23*o + 75. What is x(9)?
-42
Let q(f) = -16*f**2 + 184*f + 23. Give q(11).
111
Let k(c) = -2*c**3 + 12*c**2 - 18*c + 39. What is k(6)?
-69
Let r(s) = -115*s + 146. Calculate r(2).
-84
Let q(b) = -10*b**3 + 2*b**2 + 4*b - 1. What is q(2)?
-65
Let k(x) = -x**2 + 43*x - 464. Calculate k(20).
-4
Let w(m) = 76*m**2 + 3*m - 4. Calculate w(1).
75
Let k(h) = 119*h + 590. Determine k(-5).
-5
Let u(h) = 4*h**2 + 3*h + 7. What is u(-6)?
133
Let s(k) = -2*k**3 + 77*k**2 - 45*k + 267. Calculate s(38).
1
Let t(s) = 103*s - 124. Give t(8).
700
Let y(h) = 280*h - 77846. Give y(278).
-6
Let d(m) = 2*m**3 - 47*m**2 - 29*m + 40. Calculate d(24).
-80
Let y(p) = 81*p + 480. Give y(5).
885
Let v(m) = -m - 149. What is v(-29)?
-120
Let f(h) = -66*h - 103. What is f(4)?
-367
Let s(w) = 4*w**3 - 200*w**2 + 196*w + 7. What is s(49)?
7
Let t(w) = 2*w - 159. What is t(83)?
7
Let q(z) = z**3 - 19*z**2 + 57*z + 62. Calculate q(15).
17
Let u(g) = 416*g - 2047. Give u(5).
33
Let y(a) = 3*a**2 + 49*a + 81. Give y(-18).
171
Let f(h) = 17*h - 144. What is f(9)?
9
Let a(f) = f**3 - 10*f**2 + 23*f - 17. Determine a(6).
-23
Let s(v) = 23*v**2 - 181*v + 9. Give s(8).
33
Let z(r) = -r**3 - 25*r**2 - 14*r - 331. What is z(-25)?
19
Let g(l) = 20*l + 80. Give g(2).
120
Let z(m) = 1960*m**2 + 3927*m + 5. Give z(-2).
-9
Let y(s) = -4*s**2 - 59*s - 46. What is y(-13)?
45
Let b(r) = 82*r + 2079. What is b(-25)?
29
Let z(x) = x**3 + 59*x**2 + 163*x - 125. Determine z(-56).
155
Let r(z) = 68*z - 2798. Calculate r(41).
-10
Let f(y) = 16*y**2 - 50*y + 37. Calculate f(4).
93
Let g(a) = -a**2 + 23*a + 61. Calcula